.
4
Let j(a) = -71*a - 349. Calculate j(-5).
6
Let a(l) = -l**3 + 7*l**2 + 8*l + 14. Calculate a(8).
14
Let f(c) = 7*c - 320. Determine f(45).
-5
Let c(r) = -3*r + 71. Give c(26).
-7
Let n(d) = -d + 6. Determine n(14).
-8
Let y(g) = g + 12. Calculate y(-12).
0
Let i(s) = s. Determine i(4).
4
Let w(j) = j**3 - 12*j**2 - j - 4. What is w(12)?
-16
Let q(w) = -8*w + 92. Give q(11).
4
Let b(m) = -3*m**2 - 18*m - 3. Give b(-5).
12
Let h(g) = 3*g - 2. Give h(2).
4
Let c(m) = -m**3 - 9*m**2 + 12*m + 28. What is c(-10)?
8
Let k(g) = g**3 + 14*g**2 + 26*g - 3. Determine k(-12).
-27
Let i(t) = -t**2 - 6*t + 13. Calculate i(-7).
6
Let f(a) = -a**3 + 2*a**2 + 18*a - 32. What is f(4)?
8
Let a(m) = m**3 + 3*m**2 - 17*m + 10. Give a(-6).
4
Let p(b) = -7*b + 20. Determine p(13).
-71
Let z(r) = -r**3 - 5*r**2 - 6*r - 2. Calculate z(-4).
6
Let h(l) = l**3 + 10*l**2 + 16*l + 2. Give h(-8).
2
Let c(y) = -y**2 - 208*y - 614. Calculate c(-3).
1
Let g(z) = z**2 + 6*z + 1. Determine g(5).
56
Let i(s) = 18*s - 95. Give i(5).
-5
Let g(a) = -4*a + 9. What is g(6)?
-15
Let d(j) = -2*j**2 - 10*j - 8. Give d(-6).
-20
Let x(u) = -u**3 + 10*u**2 + 2*u - 32. Determine x(10).
-12
Let q(n) = 2*n**3 + 23*n**2 - 12*n + 9. Determine q(-12).
9
Let m(z) = z**3 - 12*z**2 + 14*z + 1. Give m(11).
34
Let d(h) = 16*h - 34. Calculate d(2).
-2
Let x(u) = u - 21. Calculate x(9).
-12
Let m(n) = -n**2 + 3*n + 9. Give m(4).
5
Let c(b) = 2*b**3 - 13*b**2 - 9*b + 10. Give c(7).
-4
Let p(l) = l + 7. Give p(3).
10
Let y(g) = 74*g**3 + 1. Give y(-1).
-73
Let u(f) = f**3 - 2*f**2 - 3*f - 3. Calculate u(-3).
-39
Let k(s) = 4*s**2 + 8*s - 12. Calculate k(4).
84
Let i(n) = -8*n**3 + 2*n**2 - 2*n + 1. Calculate i(1).
-7
Let h(b) = -17*b + 24. Calculate h(5).
-61
Let a(g) = -g**3 - g**2 - 34*g - 7. What is a(0)?
-7
Let h(b) = -b**3 + 8*b**2 - 6*b + 12. Give h(6).
48
Let p(t) = -t**2 + 5*t - 4. Calculate p(6).
-10
Let x(c) = -c**2 - 3*c - 9. Determine x(-4).
-13
Let w(k) = -k**3 + 7*k**2 - 6*k + 1. What is w(6)?
1
Let w(i) = 2*i**2 + 7*i + 6. What is w(-4)?
10
Let x(u) = 15*u + 13. Calculate x(4).
73
Let s(i) = -i**3 - 17*i**2 - 6. Determine s(-17).
-6
Let b(z) = z**2 - 16*z + 23. Determine b(15).
8
Let q(b) = 2*b**2 - 9*b - 2. Calculate q(7).
33
Let r(n) = n**2 + 32*n + 64. What is r(-30)?
4
Let y(v) = v**2 - v - 31. Give y(7).
11
Let z(v) = -10*v - 93. Determine z(-11).
17
Let d(p) = 2*p - 2. Give d(2).
2
Let q(g) = -3*g**2 + 5*g + 6. What is q(3)?
-6
Let p(c) = -17*c + 5. Calculate p(4).
-63
Let x(v) = 3*v**2 - 3*v + 4. Calculate x(3).
22
Let o(j) = 9*j + 50. What is o(6)?
104
Let p(d) = d**3 - 9*d**2 - 4*d + 28. Determine p(9).
-8
Let o(i) = -i**3 + 12*i**2 - 32*i + 43. Give o(9).
-2
Let p(b) = -3*b - 19. What is p(-10)?
11
Let u(c) = -22*c - 18. What is u(-2)?
26
Let l(k) = -k**3 - 5*k**2 - 3*k - 6. Give l(-4).
-10
Let w(c) = c + 11. What is w(5)?
16
Let k(p) = p**3 - 3*p**2 - 4. Calculate k(3).
-4
Let p(v) = -10*v - 281. What is p(-29)?
9
Let o(u) = 10*u - 20. Calculate o(-3).
-50
Let p(t) = 35*t - 9. Calculate p(3).
96
Let a(k) = 3*k**3 + 2*k**2 - 99. Calculate a(0).
-99
Let m(t) = t**3 - 15*t**2 + 16*t - 17. Calculate m(14).
11
Let j(p) = p**2 - 29*p + 126. Calculate j(5).
6
Let p(v) = 3*v**3 - v**2 - 2*v + 3. Calculate p(2).
19
Let i(r) = -8*r**2 - 5. Calculate i(-3).
-77
Let n(v) = 6*v + 12. Determine n(7).
54
Let y(i) = 31*i + 219. What is y(-7)?
2
Let x(n) = -80*n**2 + 2*n. Calculate x(-1).
-82
Let c(o) = 2*o**2 + 66*o - 143. Determine c(-35).
-3
Let i(q) = -q**3 - 3*q**2. Give i(-4).
16
Let r(y) = 6*y - 2. What is r(7)?
40
Let k(c) = -3*c**2 - 20*c + 4. Determine k(-9).
-59
Let j(c) = -4*c - 22. Determine j(-15).
38
Let u(n) = -8*n + 11. Determine u(2).
-5
Let g(u) = u**2 - 13*u - 11. Determine g(13).
-11
Let y(s) = -s - 12. What is y(9)?
-21
Let h(l) = -l**3 + 18*l**2 - l - 19. What is h(18)?
-37
Let g(w) = w**3 + 3*w**2 - w + 9. Determine g(-4).
-3
Let m(a) = 3*a + 9. Determine m(0).
9
Let f(b) = 18*b - 1. Give f(-1).
-19
Let u(s) = 28*s + 505. Determine u(-18).
1
Let j(t) = t**3 - 5*t**2 - 3*t - 10. Determine j(6).
8
Let p(h) = -h**2 + 5*h + 14. Give p(6).
8
Let x(r) = 10*r + 3. Give x(-2).
-17
Let a(u) = 24*u**2 - 4*u + 4. What is a(1)?
24
Let p(t) = -2*t**2 + t. Determine p(-1).
-3
Let x(p) = -p + 44. Give x(21).
23
Let i(v) = v**3 - 3*v**2 + v - 12. What is i(3)?
-9
Let v(d) = -d**2 - 5*d + 1. Determine v(-5).
1
Let s(k) = -k**2 + 8*k + 34. Determine s(12).
-14
Let i(c) = 5*c - 2. What is i(-2)?
-12
Let v(r) = -6*r**2 + 13*r - 6. Calculate v(5).
-91
Let a(i) = -8*i**2 - i + 1. Give a(-1).
-6
Let z(v) = -v**2 - 13*v - 11. What is z(-8)?
29
Let h(g) = 2*g**3 - 8*g**2 + 6*g - 24. What is h(4)?
0
Let p(w) = 4*w + 79. Determine p(-20).
-1
Let d(l) = l**3 + 8*l**2 + 8*l + 3. Give d(-7).
-4
Let o(t) = 2*t**2 - 5*t - 12. What is o(0)?
-12
Let i(q) = q + 4. Calculate i(-5).
-1
Let g(j) = 12*j + 1. Give g(-1).
-11
Let s(i) = 9*i**3 - i**2 - i + 2. Give s(-2).
-72
Let a(l) = l**2 + 14*l - 38. Determine a(-16).
-6
Let s(i) = -i**3 + 8*i**2 + 10*i - 9. Determine s(9).
0
Let z(j) = -18*j + 28. What is z(4)?
-44
Let r(w) = 26*w**3 - w**2 + 1. Calculate r(-1).
-26
Let g(s) = -s**2 - s - 3. Calculate g(-2).
-5
Let c(w) = -w**3 + 15*w**2 + 22*w - 26. What is c(16)?
70
Let q(p) = -p + 15. Determine q(13).
2
Let t(r) = r**3 + 8*r**2 - 2*r - 26. What is t(-8)?
-10
Let i(g) = -g**3 + 9*g**2 + 10*g + 8. What is i(10)?
8
Let y(z) = 26*z + 1. What is y(1)?
27
Let k(h) = -h**3 + 9*h**2 + 3*h + 6. What is k(10)?
-64
Let o(b) = -29*b**3 + b**2 - b - 1. Give o(-1).
30
Let a(y) = -y + 16. Calculate a(8).
8
Let l(k) = -k**2 + 16*k + 189. Give l(-8).
-3
Let p(i) = 5*i**2 - 4. Calculate p(-2).
16
Let p(m) = m**2 + 15*m - 32. Determine p(9).
184
Let q(g) = 2*g**2 + 6*g - 4. Give q(-5).
16
Let a(d) = -d**3 - 22*d**2 - 14*d + 9. Give a(-21).
-138
Let h(b) = -b**3 - 5*b**2 + 4*b - 2. Determine h(-5).
-22
Let b(f) = -f**3 - 10*f**2 - 3*f - 13. What is b(-10)?
17
Let u(o) = -o**3 + 11*o**2 + 2*o - 9. Calculate u(11).
13
Let r(s) = -3*s + 11. What is r(7)?
-10
Let n(m) = -2*m**3 + 14*m**2 - 15*m + 15. Calculate n(5).
40
Let h(m) = -m**2 + 26*m + 91. What is h(29)?
4
Let k(r) = -r**2 - r. Calculate k(-3).
-6
Let w(a) = -a**3 - 39*a**2 - 72*a + 80. Give w(-37).
6
Let a(r) = -r**3 + 15*r**2 + 54*r + 3. Give a(18).
3
Let h(a) = -32*a + 18. What is h(1)?
-14
Let t(i) = 7*i - 18. What is t(4)?
10
Let q(u) = -u**3 + 8*u**2 - 10*u + 9. Determine q(7).
-12
Let l(p) = p**3 + 10*p**2 - 3*p - 13. Determine l(-10).
17
Let w(p) = -p**2 - 29*p - 73. Give w(-26).
5
Let m(a) = 20*a + 40. Give m(-2).
0
Let t(i) = i**3 - 17*i**2 - 18*i + 9. What is t(18)?
9
Let v(s) = -3*s**2 - 12*s - 10. Give v(-4).
-10
Let g(z) = -z + 31. What is g(0)?
31
Let p(u) = -5*u - 39. Give p(-8).
1
Let x(u) = -u**2 - 15*u - 29. Give x(-12).
7
Let l(m) = -4*m**3 + 5*m**2 + 6*m + 3. Determine l(-2).
43
Let a(g) = g**2 - 2*g - 3. Determine a(6).
21
Let d(x) = x**3 + 11*x**2 - 10*x - 13. What is d(-12)?
-37
Let g(q) = -6*q + 149. Determine g(24).
5
Let m(s) = -s - 29. Calculate m(-25).
-4
Let v(n) = -n**2 + 45*n - 76. Calculate v(43).
10
Let h(z) = -z**2 + 12*z + 12. Give h(12).
12
Let r(b) = -b**3 + 11*b**2 - 6*b - 30. Calculate r(10).
10
Let p(r) = r**3 - 11*r**2 - 3*r + 23. Calculate p(11).
-10
Let y(h) = h**2 - h - 8. Give y(-5).
22
Let g(r) = 101*r - 491. Determine g(5).
14
Let l(a) = -a**3 + 13*a**2 - 37*a + 64. Calculate l(10).
-6
Let w(o) = -10*o - 22. Determine w(-4).
18
Let j(o) = -o**3 + 5*o**2 - 5*o + 16. What is j(4)?
12
Let g(x) = -25*x + 1. What is g(-3)?
76
Let k(f) = f**3 + 8*f**2 + 8*f - 8. Determine k(-7).
-15
Let r(x) = -x + 23. Give r(14).
9
Let c(z) = -8*z**2 - 2*z + 1. Give c(3).
-77
Let l(u) = 5*u + 1. Give l(4).
21
Let x(j) = j**3 + 14*j**2 + 16*j + 26. Determine x(-13).
-13
Let u(p) = p**2 - 24*p + 3. Calculate u(19).
-92
Let s(x) = -9*x**3 + 1. Calculate s(1).
-8
Let t(j) = j**3 + 3*j**2 - 11*j + 48. Determine t(-6).
6
Let c(b) = -2*b**2 + 11*b - 9. What is c(4)?
3
Let n(j) = -16*j**2 + 2*j. What is n(-2)?
-68
Let t(y) = -6*y + 5. Give t(3).
-13
Let d(o) = -26*o**2 + 107*o - 3. What is d(4)?
9
Let v(k) = 5*k**2 + 2*k + 3. Give v(-1).
6
Let c(p) = p**3 + 5*p**2 + 5*p + 7. What is c(-4)?
3
Let q(g) = g**3 + 2*g**2 - 2*g + 4. Determine q(-3).
